{"id":1387,"date":"2020-02-14T07:47:42","date_gmt":"2020-02-14T07:47:42","guid":{"rendered":"http:\/\/www.ffr-frv.ch\/section-veveyse\/activites\/programme-annuel\/"},"modified":"2024-03-25T22:27:22","modified_gmt":"2024-03-25T20:27:22","slug":"programme-annuel","status":"publish","type":"page","link":"https:\/\/www.ffr-frv.ch\/de\/section-veveyse\/la-federation\/programme-annuel\/","title":{"rendered":"Programme annuel"},"content":{"rendered":"<section class=\"wpb-content-wrapper\"><p>[vc_row][vc_column][vc_column_text]<\/p>\n<h2>Programme annuel<\/h2>\n<p>[\/vc_column_text]<div class='agendas noborder '><div class='agenda row notall' id='assemble-gnrale-annuelle-18887'><div class='col-lg-12'><div class='agendas-details-page'><span class='date'>30.04.2026 - 14h00<\/span><span class='lieu'>Le Cr\u00eat, Restaurant de la Croix f\u00e9d\u00e9rale<\/span><br \/><span class='title'>Assembl\u00e9e g\u00e9n\u00e9rale annuelle<\/span><\/div><div class='agendas-description'>Suivie<br \/>\r\n<ul><br \/>\r\n \t<li>d\u2019une conf\u00e9rence de Mme Aline Grandjean, de PHYSIO Ch\u00e2tel, th\u00e8me\u00a0: importance de la mobilit\u00e9, souplesse, \u00e9quilibre\u2026 pour les s\u00e9niors.<\/li><br \/>\r\n \t<li>et d\u2019un ap\u00e9ritif.<\/li><br \/>\r\n<\/ul><br \/>\r\n&nbsp;<\/div><\/div><\/div><div class='agenda row notall' id='visite-de-la-ferme-de-la-loraine-rueyres-treyfayes-18888'><div class='col-lg-12'><div class='agendas-details-page'><span class='date'>10.06.2026 - 11h30<\/span><span class='lieu'>ferme de la Loraine \u00e0 Rueyres Treyfayes<\/span><br \/><span class='title'>Visite de la ferme de la Loraine \u00e0 Rueyres Treyfayes<\/span><\/div><div class='agendas-description'><h5>11h30 Accueil et Ap\u00e9ritif<\/h5><br \/>\r\n<h5>12h30 Repas<\/h5><br \/>\r\n<h5>14h pr\u00e9sentation de la ferme et visite<\/h5><br \/>\r\n<h5>d\u00e8s 16h possibilit\u00e9 d\u2019assister \u00e0 la traite \u00ab en carrousel<strong> \u00bb<\/strong><\/h5><br \/>\r\n<h5><strong> <img loading=\"lazy\" decoding=\"async\" class=\"alignnone size-medium wp-image-18894\" src=\"https:\/\/www.ffr-frv.ch\/wp-content\/uploads\/2026\/03\/ferme-300x185.jpg\" alt=\"\" width=\"300\" height=\"185\" srcset=\"https:\/\/www.ffr-frv.ch\/wp-content\/uploads\/2026\/03\/ferme-300x185.jpg 300w, https:\/\/www.ffr-frv.ch\/wp-content\/uploads\/2026\/03\/ferme-768x474.jpg 768w, https:\/\/www.ffr-frv.ch\/wp-content\/uploads\/2026\/03\/ferme.jpg 963w\" sizes=\"auto, (max-width: 300px) 100vw, 300px\" \/><\/strong><\/h5><br \/>\r\n<h5><strong>\u00a0<\/strong>350 vaches en stabulation libre<\/h5><br \/>\r\n<h5>Production de lait annuel de 4 mio de litres<\/h5><br \/>\r\n<h5>Carrousel de traite 50 places<\/h5><br \/>\r\n<h5>Robot d\u2019affouragement<\/h5><br \/>\r\n<h5>Tank a lait de 24\u00a0000 litres<\/h5><\/div><\/div><\/div><div class='agenda row notall' id='course-en-car-rgion-soleure-18898'><div class='col-lg-12'><div class='agendas-details-page'><span class='date'>02.09.2026 - <\/span><span class='lieu'>Course en car, r\u00e9gion Soleure<\/span><br \/><span class='title'>Course en car, r\u00e9gion Soleure<\/span><\/div><div class='agendas-description'><img loading=\"lazy\" decoding=\"async\" class=\"alignnone wp-image-18892\" src=\"https:\/\/www.ffr-frv.ch\/wp-content\/uploads\/2026\/03\/car--300x196.png\" alt=\"\" width=\"197\" height=\"129\" srcset=\"https:\/\/www.ffr-frv.ch\/wp-content\/uploads\/2026\/03\/car--300x196.png 300w, https:\/\/www.ffr-frv.ch\/wp-content\/uploads\/2026\/03\/car-.png 525w\" sizes=\"auto, (max-width: 197px) 100vw, 197px\" \/><br \/>\r\n<br \/>\r\n<img loading=\"lazy\" decoding=\"async\" class=\"alignnone wp-image-18896\" src=\"https:\/\/www.ffr-frv.ch\/wp-content\/uploads\/2026\/03\/soleure-300x101.png\" alt=\"\" width=\"428\" height=\"144\" srcset=\"https:\/\/www.ffr-frv.ch\/wp-content\/uploads\/2026\/03\/soleure-300x101.png 300w, https:\/\/www.ffr-frv.ch\/wp-content\/uploads\/2026\/03\/soleure-1024x345.png 1024w, https:\/\/www.ffr-frv.ch\/wp-content\/uploads\/2026\/03\/soleure-768x259.png 768w, https:\/\/www.ffr-frv.ch\/wp-content\/uploads\/2026\/03\/soleure.png 1525w\" sizes=\"auto, (max-width: 428px) 100vw, 428px\" \/><\/div><\/div><\/div><div class='agenda row notall' id='projection-du-film-ma-sarine-par-jean-tho-aeby-18899'><div class='col-lg-12'><div class='agendas-details-page'><span class='date'>27.10.2026 - 14h00<\/span><span class='lieu'>Auberge de l\u2019Ange \u00e0 Attalens<\/span><br \/><span class='title'>Projection du film \u00ab Ma Sarine \u00bb par Jean-Th\u00e9o Aeby<\/span><\/div><div class='agendas-description'><strong>P<\/strong><strong>rojection du film \u00ab\u00a0Ma Sarine\u00a0\u00bb par Jean-Th\u00e9o Aeby\u00a0\u00a0 \u2019<\/strong><br \/>\r\n<br \/>\r\nEntr\u00e9e\u00a0libre<br \/>\r\n<br \/>\r\nAp\u00e9ritif offert apr\u00e8s le spectacle.<br \/>\r\n<br \/>\r\n<img loading=\"lazy\" decoding=\"async\" class=\"alignnone  wp-image-18890\" src=\"https:\/\/www.ffr-frv.ch\/wp-content\/uploads\/2026\/03\/ma-sarine-300x101.jpg\" alt=\"\" width=\"440\" height=\"148\" srcset=\"https:\/\/www.ffr-frv.ch\/wp-content\/uploads\/2026\/03\/ma-sarine-300x101.jpg 300w, https:\/\/www.ffr-frv.ch\/wp-content\/uploads\/2026\/03\/ma-sarine.jpg 605w\" sizes=\"auto, (max-width: 440px) 100vw, 440px\" \/><\/div><\/div><\/div><\/div>[\/vc_column][\/vc_row]<\/p>\n<p><a href=\"https:\/\/www.ffr-frv.ch\/wp-content\/uploads\/2024\/03\/Agenda-pour-FFR-Veveyse-2024.pdf\" target=\"_blank\" rel=\"noopener\">Veranstaltungen 2024<\/a><\/p>\n<\/section>","protected":false},"excerpt":{"rendered":"<p>[vc_row][vc_column][vc_column_text] Programme annuel [\/vc_column_text][\/vc_column][\/vc_row] Veranstaltungen 2024<\/p>\n","protected":false},"author":1,"featured_media":0,"parent":1739,"menu_order":0,"comment_status":"closed","ping_status":"closed","template":"template-with-menu.php","meta":{"_acf_changed":false,"footnotes":""},"folder":[33],"class_list":["post-1387","page","type-page","status-publish","hentry"],"acf":[],"yoast_head":"<!-- This site is optimized with the Yoast SEO plugin v27.1.1 - https:\/\/yoast.com\/product\/yoast-seo-wordpress\/ -->\n<title>Programme annuel | Bienvenue sur le site de la FFR-FRV<\/title>\n<meta name=\"robots\" content=\"index, follow, max-snippet:-1, max-image-preview:large, max-video-preview:-1\" \/>\n<link rel=\"canonical\" href=\"https:\/\/www.ffr-frv.ch\/de\/section-veveyse\/la-federation\/programme-annuel\/\" \/>\n<meta property=\"og:locale\" content=\"de_DE\" \/>\n<meta property=\"og:type\" content=\"article\" \/>\n<meta property=\"og:title\" content=\"Programme annuel | Bienvenue sur le site de la FFR-FRV\" \/>\n<meta property=\"og:description\" content=\"[vc_row][vc_column][vc_column_text] Programme annuel [\/vc_column_text][\/vc_column][\/vc_row] Veranstaltungen 2024\" \/>\n<meta property=\"og:url\" content=\"https:\/\/www.ffr-frv.ch\/de\/section-veveyse\/la-federation\/programme-annuel\/\" \/>\n<meta property=\"og:site_name\" content=\"Bienvenue sur le site de la FFR-FRV\" \/>\n<meta property=\"article:modified_time\" content=\"2024-03-25T20:27:22+00:00\" \/>\n<meta name=\"twitter:card\" content=\"summary_large_image\" \/>\n<meta name=\"twitter:label1\" content=\"Gesch\u00e4tzte Lesezeit\" \/>\n\t<meta name=\"twitter:data1\" content=\"1\u00a0Minute\" \/>\n<script type=\"application\/ld+json\" class=\"yoast-schema-graph\">{\"@context\":\"https:\/\/schema.org\",\"@graph\":[{\"@type\":\"WebPage\",\"@id\":\"https:\/\/www.ffr-frv.ch\/de\/section-veveyse\/la-federation\/programme-annuel\/\",\"url\":\"https:\/\/www.ffr-frv.ch\/de\/section-veveyse\/la-federation\/programme-annuel\/\",\"name\":\"Programme annuel | Bienvenue sur le site de la FFR-FRV\",\"isPartOf\":{\"@id\":\"https:\/\/www.ffr-frv.ch\/de\/#website\"},\"datePublished\":\"2020-02-14T07:47:42+00:00\",\"dateModified\":\"2024-03-25T20:27:22+00:00\",\"breadcrumb\":{\"@id\":\"https:\/\/www.ffr-frv.ch\/de\/section-veveyse\/la-federation\/programme-annuel\/#breadcrumb\"},\"inLanguage\":\"de\",\"potentialAction\":[{\"@type\":\"ReadAction\",\"target\":[\"https:\/\/www.ffr-frv.ch\/de\/section-veveyse\/la-federation\/programme-annuel\/\"]}]},{\"@type\":\"BreadcrumbList\",\"@id\":\"https:\/\/www.ffr-frv.ch\/de\/section-veveyse\/la-federation\/programme-annuel\/#breadcrumb\",\"itemListElement\":[{\"@type\":\"ListItem\",\"position\":1,\"name\":\"Titelseite\",\"item\":\"https:\/\/www.ffr-frv.ch\/de\/\"},{\"@type\":\"ListItem\",\"position\":2,\"name\":\"Section Veveyse\",\"item\":\"https:\/\/www.ffr-frv.ch\/de\/section-veveyse\/\"},{\"@type\":\"ListItem\",\"position\":3,\"name\":\"La F\u00e9d\u00e9ration\",\"item\":\"https:\/\/www.ffr-frv.ch\/de\/section-veveyse\/la-federation\/\"},{\"@type\":\"ListItem\",\"position\":4,\"name\":\"Programme annuel\"}]},{\"@type\":\"WebSite\",\"@id\":\"https:\/\/www.ffr-frv.ch\/de\/#website\",\"url\":\"https:\/\/www.ffr-frv.ch\/de\/\",\"name\":\"Bienvenue sur le site de la FFR-FRV\",\"description\":\"\",\"potentialAction\":[{\"@type\":\"SearchAction\",\"target\":{\"@type\":\"EntryPoint\",\"urlTemplate\":\"https:\/\/www.ffr-frv.ch\/de\/?s={search_term_string}\"},\"query-input\":{\"@type\":\"PropertyValueSpecification\",\"valueRequired\":true,\"valueName\":\"search_term_string\"}}],\"inLanguage\":\"de\"}]}<\/script>\n<!-- \/ Yoast SEO plugin. -->","yoast_head_json":{"title":"Programme annuel | Bienvenue sur le site de la FFR-FRV","robots":{"index":"index","follow":"follow","max-snippet":"max-snippet:-1","max-image-preview":"max-image-preview:large","max-video-preview":"max-video-preview:-1"},"canonical":"https:\/\/www.ffr-frv.ch\/de\/section-veveyse\/la-federation\/programme-annuel\/","og_locale":"de_DE","og_type":"article","og_title":"Programme annuel | Bienvenue sur le site de la FFR-FRV","og_description":"[vc_row][vc_column][vc_column_text] Programme annuel [\/vc_column_text][\/vc_column][\/vc_row] Veranstaltungen 2024","og_url":"https:\/\/www.ffr-frv.ch\/de\/section-veveyse\/la-federation\/programme-annuel\/","og_site_name":"Bienvenue sur le site de la FFR-FRV","article_modified_time":"2024-03-25T20:27:22+00:00","twitter_card":"summary_large_image","twitter_misc":{"Gesch\u00e4tzte Lesezeit":"1\u00a0Minute"},"schema":{"@context":"https:\/\/schema.org","@graph":[{"@type":"WebPage","@id":"https:\/\/www.ffr-frv.ch\/de\/section-veveyse\/la-federation\/programme-annuel\/","url":"https:\/\/www.ffr-frv.ch\/de\/section-veveyse\/la-federation\/programme-annuel\/","name":"Programme annuel | Bienvenue sur le site de la FFR-FRV","isPartOf":{"@id":"https:\/\/www.ffr-frv.ch\/de\/#website"},"datePublished":"2020-02-14T07:47:42+00:00","dateModified":"2024-03-25T20:27:22+00:00","breadcrumb":{"@id":"https:\/\/www.ffr-frv.ch\/de\/section-veveyse\/la-federation\/programme-annuel\/#breadcrumb"},"inLanguage":"de","potentialAction":[{"@type":"ReadAction","target":["https:\/\/www.ffr-frv.ch\/de\/section-veveyse\/la-federation\/programme-annuel\/"]}]},{"@type":"BreadcrumbList","@id":"https:\/\/www.ffr-frv.ch\/de\/section-veveyse\/la-federation\/programme-annuel\/#breadcrumb","itemListElement":[{"@type":"ListItem","position":1,"name":"Titelseite","item":"https:\/\/www.ffr-frv.ch\/de\/"},{"@type":"ListItem","position":2,"name":"Section Veveyse","item":"https:\/\/www.ffr-frv.ch\/de\/section-veveyse\/"},{"@type":"ListItem","position":3,"name":"La F\u00e9d\u00e9ration","item":"https:\/\/www.ffr-frv.ch\/de\/section-veveyse\/la-federation\/"},{"@type":"ListItem","position":4,"name":"Programme annuel"}]},{"@type":"WebSite","@id":"https:\/\/www.ffr-frv.ch\/de\/#website","url":"https:\/\/www.ffr-frv.ch\/de\/","name":"Bienvenue sur le site de la FFR-FRV","description":"","potentialAction":[{"@type":"SearchAction","target":{"@type":"EntryPoint","urlTemplate":"https:\/\/www.ffr-frv.ch\/de\/?s={search_term_string}"},"query-input":{"@type":"PropertyValueSpecification","valueRequired":true,"valueName":"search_term_string"}}],"inLanguage":"de"}]}},"_links":{"self":[{"href":"https:\/\/www.ffr-frv.ch\/de\/wp-json\/wp\/v2\/pages\/1387","targetHints":{"allow":["GET"]}}],"collection":[{"href":"https:\/\/www.ffr-frv.ch\/de\/wp-json\/wp\/v2\/pages"}],"about":[{"href":"https:\/\/www.ffr-frv.ch\/de\/wp-json\/wp\/v2\/types\/page"}],"author":[{"embeddable":true,"href":"https:\/\/www.ffr-frv.ch\/de\/wp-json\/wp\/v2\/users\/1"}],"replies":[{"embeddable":true,"href":"https:\/\/www.ffr-frv.ch\/de\/wp-json\/wp\/v2\/comments?post=1387"}],"version-history":[{"count":6,"href":"https:\/\/www.ffr-frv.ch\/de\/wp-json\/wp\/v2\/pages\/1387\/revisions"}],"predecessor-version":[{"id":11134,"href":"https:\/\/www.ffr-frv.ch\/de\/wp-json\/wp\/v2\/pages\/1387\/revisions\/11134"}],"up":[{"embeddable":true,"href":"https:\/\/www.ffr-frv.ch\/de\/wp-json\/wp\/v2\/pages\/1739"}],"wp:attachment":[{"href":"https:\/\/www.ffr-frv.ch\/de\/wp-json\/wp\/v2\/media?parent=1387"}],"wp:term":[{"taxonomy":"folder","embeddable":true,"href":"https:\/\/www.ffr-frv.ch\/de\/wp-json\/wp\/v2\/folder?post=1387"}],"curies":[{"name":"wp","href":"https:\/\/api.w.org\/{rel}","templated":true}]}}

<section class="wpb-content-wrapper"><p>[vc_row][vc_column][vc_column_text]</p>
<h2>Programme annuel</h2>
<p>[/vc_column_text]<div class='agendas noborder '><div class='agenda row notall' id='assemble-gnrale-annuelle-18887'><div class='col-lg-12'><div class='agendas-details-page'><span class='date'>30.04.2026 - 14h00</span><span class='lieu'>Le Crêt, Restaurant de la Croix fédérale</span><br /><span class='title'>Assemblée générale annuelle</span></div><div class='agendas-description'>Suivie<br />
<ul><br />
 	<li>d’une conférence de Mme Aline Grandjean, de PHYSIO Châtel, thème : importance de la mobilité, souplesse, équilibre… pour les séniors.</li><br />
 	<li>et d’un apéritif.</li><br />
</ul><br />
&nbsp;</div></div></div><div class='agenda row notall' id='visite-de-la-ferme-de-la-loraine-rueyres-treyfayes-18888'><div class='col-lg-12'><div class='agendas-details-page'><span class='date'>10.06.2026 - 11h30</span><span class='lieu'>ferme de la Loraine à Rueyres Treyfayes</span><br /><span class='title'>Visite de la ferme de la Loraine à Rueyres Treyfayes</span></div><div class='agendas-description'><h5>11h30 Accueil et Apéritif</h5><br />
<h5>12h30 Repas</h5><br />
<h5>14h présentation de la ferme et visite</h5><br />
<h5>dès 16h possibilité d’assister à la traite « en carrousel<strong> »</strong></h5><br />
<h5><strong> <img loading="lazy" decoding="async" class="alignnone size-medium wp-image-18894" src="https://www.ffr-frv.ch/wp-content/uploads/2026/03/ferme-300x185.jpg" alt="" width="300" height="185" srcset="https://www.ffr-frv.ch/wp-content/uploads/2026/03/ferme-300x185.jpg 300w, https://www.ffr-frv.ch/wp-content/uploads/2026/03/ferme-768x474.jpg 768w, https://www.ffr-frv.ch/wp-content/uploads/2026/03/ferme.jpg 963w" sizes="auto, (max-width: 300px) 100vw, 300px" /></strong></h5><br />
<h5><strong> </strong>350 vaches en stabulation libre</h5><br />
<h5>Production de lait annuel de 4 mio de litres</h5><br />
<h5>Carrousel de traite 50 places</h5><br />
<h5>Robot d’affouragement</h5><br />
<h5>Tank a lait de 24 000 litres</h5></div></div></div><div class='agenda row notall' id='course-en-car-rgion-soleure-18898'><div class='col-lg-12'><div class='agendas-details-page'><span class='date'>02.09.2026 - </span><span class='lieu'>Course en car, région Soleure</span><br /><span class='title'>Course en car, région Soleure</span></div><div class='agendas-description'><img loading="lazy" decoding="async" class="alignnone wp-image-18892" src="https://www.ffr-frv.ch/wp-content/uploads/2026/03/car--300x196.png" alt="" width="197" height="129" srcset="https://www.ffr-frv.ch/wp-content/uploads/2026/03/car--300x196.png 300w, https://www.ffr-frv.ch/wp-content/uploads/2026/03/car-.png 525w" sizes="auto, (max-width: 197px) 100vw, 197px" /><br />
<br />
<img loading="lazy" decoding="async" class="alignnone wp-image-18896" src="https://www.ffr-frv.ch/wp-content/uploads/2026/03/soleure-300x101.png" alt="" width="428" height="144" srcset="https://www.ffr-frv.ch/wp-content/uploads/2026/03/soleure-300x101.png 300w, https://www.ffr-frv.ch/wp-content/uploads/2026/03/soleure-1024x345.png 1024w, https://www.ffr-frv.ch/wp-content/uploads/2026/03/soleure-768x259.png 768w, https://www.ffr-frv.ch/wp-content/uploads/2026/03/soleure.png 1525w" sizes="auto, (max-width: 428px) 100vw, 428px" /></div></div></div><div class='agenda row notall' id='projection-du-film-ma-sarine-par-jean-tho-aeby-18899'><div class='col-lg-12'><div class='agendas-details-page'><span class='date'>27.10.2026 - 14h00</span><span class='lieu'>Auberge de l’Ange à Attalens</span><br /><span class='title'>Projection du film « Ma Sarine » par Jean-Théo Aeby</span></div><div class='agendas-description'><strong>P</strong><strong>rojection du film « Ma Sarine » par Jean-Théo Aeby   ’</strong><br />
<br />
Entrée libre<br />
<br />
Apéritif offert après le spectacle.<br />
<br />
<img loading="lazy" decoding="async" class="alignnone  wp-image-18890" src="https://www.ffr-frv.ch/wp-content/uploads/2026/03/ma-sarine-300x101.jpg" alt="" width="440" height="148" srcset="https://www.ffr-frv.ch/wp-content/uploads/2026/03/ma-sarine-300x101.jpg 300w, https://www.ffr-frv.ch/wp-content/uploads/2026/03/ma-sarine.jpg 605w" sizes="auto, (max-width: 440px) 100vw, 440px" /></div></div></div></div>[/vc_column][/vc_row]</p>
<p><a href="https://www.ffr-frv.ch/wp-content/uploads/2024/03/Agenda-pour-FFR-Veveyse-2024.pdf" target="_blank" rel="noopener">Veranstaltungen 2024</a></p>
</section>

<!-- This site is optimized with the Yoast SEO plugin v27.1.1 - https://yoast.com/product/yoast-seo-wordpress/ -->
<title>Programme annuel | Bienvenue sur le site de la FFR-FRV</title>
<meta name="robots" content="index, follow, max-snippet:-1, max-image-preview:large, max-video-preview:-1" />
<link rel="canonical" href="https://www.ffr-frv.ch/de/section-veveyse/la-federation/programme-annuel/" />
<meta property="og:locale" content="de_DE" />
<meta property="og:type" content="article" />
<meta property="og:title" content="Programme annuel | Bienvenue sur le site de la FFR-FRV" />
<meta property="og:description" content="[vc_row][vc_column][vc_column_text] Programme annuel [/vc_column_text][/vc_column][/vc_row] Veranstaltungen 2024" />
<meta property="og:url" content="https://www.ffr-frv.ch/de/section-veveyse/la-federation/programme-annuel/" />
<meta property="og:site_name" content="Bienvenue sur le site de la FFR-FRV" />
<meta property="article:modified_time" content="2024-03-25T20:27:22+00:00" />
<meta name="twitter:card" content="summary_large_image" />
<meta name="twitter:label1" content="Geschätzte Lesezeit" />
	<meta name="twitter:data1" content="1 Minute" />
<script type="application/ld+json" class="yoast-schema-graph">{"@context":"https://schema.org","@graph":[{"@type":"WebPage","@id":"https://www.ffr-frv.ch/de/section-veveyse/la-federation/programme-annuel/","url":"https://www.ffr-frv.ch/de/section-veveyse/la-federation/programme-annuel/","name":"Programme annuel | Bienvenue sur le site de la FFR-FRV","isPartOf":{"@id":"https://www.ffr-frv.ch/de/#website"},"datePublished":"2020-02-14T07:47:42+00:00","dateModified":"2024-03-25T20:27:22+00:00","breadcrumb":{"@id":"https://www.ffr-frv.ch/de/section-veveyse/la-federation/programme-annuel/#breadcrumb"},"inLanguage":"de","potentialAction":[{"@type":"ReadAction","target":["https://www.ffr-frv.ch/de/section-veveyse/la-federation/programme-annuel/"]}]},{"@type":"BreadcrumbList","@id":"https://www.ffr-frv.ch/de/section-veveyse/la-federation/programme-annuel/#breadcrumb","itemListElement":[{"@type":"ListItem","position":1,"name":"Titelseite","item":"https://www.ffr-frv.ch/de/"},{"@type":"ListItem","position":2,"name":"Section Veveyse","item":"https://www.ffr-frv.ch/de/section-veveyse/"},{"@type":"ListItem","position":3,"name":"La Fédération","item":"https://www.ffr-frv.ch/de/section-veveyse/la-federation/"},{"@type":"ListItem","position":4,"name":"Programme annuel"}]},{"@type":"WebSite","@id":"https://www.ffr-frv.ch/de/#website","url":"https://www.ffr-frv.ch/de/","name":"Bienvenue sur le site de la FFR-FRV","description":"","potentialAction":[{"@type":"SearchAction","target":{"@type":"EntryPoint","urlTemplate":"https://www.ffr-frv.ch/de/?s={search_term_string}"},"query-input":{"@type":"PropertyValueSpecification","valueRequired":true,"valueName":"search_term_string"}}],"inLanguage":"de"}]}</script>
<!-- / Yoast SEO plugin. -->

La Fédération
