{"id":1061,"date":"2020-01-28T15:45:47","date_gmt":"2020-01-28T15:45:47","guid":{"rendered":"http:\/\/www.ffr-frv.ch\/chapitre-2\/"},"modified":"2020-02-24T13:38:48","modified_gmt":"2020-02-24T13:38:48","slug":"kapitel-2","status":"publish","type":"page","link":"https:\/\/www.ffr-frv.ch\/de\/allgemeines-zur-frv\/statuten\/kapitel-2\/","title":{"rendered":"Kapitel 2"},"content":{"rendered":"<section class=\"wpb-content-wrapper\"><p>[vc_row][vc_column][vc_column_text]<\/p>\n<h2>Kapitel 2 : Mitglieder<\/h2>\n<h4>Artikel 3 : Die Vereinigung besteht aus :<\/h4>\n<p><strong>Sektionen<\/strong><br \/>\na) regionalen, unabh\u00e4ngigen Vereinen, genannt &#8222;<strong>Sektionen<\/strong>&#8222;; Angeschlossene<\/p>\n<p><strong>Angeschlossene Gruppierungen<\/strong><br \/>\nb) Rentnervereinen mit \u00e4hnlichen Zielen, genannt Gruppierungen &#8222;<strong>Angeschossene Gruppierungen<\/strong>&#8222;.<\/p>\n<h4><strong>Artikel 4 : Selbstst\u00e4ndigkeit<\/strong><\/h4>\n<p>Die Sektionen und angeschlossenen Gruppierungen konstituieren der Sektionen und sich mit eigenen Statuten. Wenn keine vorhanden sind, befolgen sie Gruppierungen die Bestimmungen im Anhang dieser Statuten; sie verwalten sich Unabh\u00e4ngig.<\/p>\n<p>Die Statuten jeder Sektion oder angeschlossenen Gruppierung sowie die vorgenommenen \u00c4nderungen werden dem Kantonalvorstand zur Information unterbreitet.<\/p>\n<p>Die Sektionen und die angeschlossenen Gruppierungen k\u00f6nnen die Vereinigung verlassen mit dem Einreichen ihrer Demission auf Ende des laufenden Kalenderjahres.<\/p>\n<p>[\/vc_column_text][\/vc_column][\/vc_row]<\/p>\n<\/section>","protected":false},"excerpt":{"rendered":"<p>[vc_row][vc_column][vc_column_text] Kapitel 2 : Mitglieder Artikel 3 : Die Vereinigung besteht aus : Sektionen a) regionalen, unabh\u00e4ngigen Vereinen, genannt &#8222;Sektionen&#8222;; Angeschlossene Angeschlossene Gruppierungen b) Rentnervereinen mit \u00e4hnlichen Zielen, genannt Gruppierungen &#8222;Angeschossene Gruppierungen&#8222;. Artikel 4 : Selbstst\u00e4ndigkeit Die Sektionen und angeschlossenen Gruppierungen konstituieren der Sektionen und sich mit eigenen Statuten. Wenn keine vorhanden sind, befolgen sie [&hellip;]<\/p>\n","protected":false},"author":1,"featured_media":0,"parent":1097,"menu_order":0,"comment_status":"closed","ping_status":"closed","template":"template-with-menu.php","meta":{"_acf_changed":false,"footnotes":""},"folder":[],"class_list":["post-1061","page","type-page","status-publish","hentry"],"acf":[],"yoast_head":"<!-- This site is optimized with the Yoast SEO plugin v27.1.1 - https:\/\/yoast.com\/product\/yoast-seo-wordpress\/ -->\n<title>Kapitel 2 | Bienvenue sur le site de la FFR-FRV<\/title>\n<meta name=\"robots\" content=\"index, follow, max-snippet:-1, max-image-preview:large, max-video-preview:-1\" \/>\n<link rel=\"canonical\" href=\"https:\/\/www.ffr-frv.ch\/de\/allgemeines-zur-frv\/statuten\/kapitel-2\/\" \/>\n<meta property=\"og:locale\" content=\"de_DE\" \/>\n<meta property=\"og:type\" content=\"article\" \/>\n<meta property=\"og:title\" content=\"Kapitel 2 | Bienvenue sur le site de la FFR-FRV\" \/>\n<meta property=\"og:description\" content=\"[vc_row][vc_column][vc_column_text] Kapitel 2 : Mitglieder Artikel 3 : Die Vereinigung besteht aus : Sektionen a) regionalen, unabh\u00e4ngigen Vereinen, genannt &#8222;Sektionen&#8222;; Angeschlossene Angeschlossene Gruppierungen b) Rentnervereinen mit \u00e4hnlichen Zielen, genannt Gruppierungen &#8222;Angeschossene Gruppierungen&#8222;. Artikel 4 : Selbstst\u00e4ndigkeit Die Sektionen und angeschlossenen Gruppierungen konstituieren der Sektionen und sich mit eigenen Statuten. Wenn keine vorhanden sind, befolgen sie [&hellip;]\" \/>\n<meta property=\"og:url\" content=\"https:\/\/www.ffr-frv.ch\/de\/allgemeines-zur-frv\/statuten\/kapitel-2\/\" \/>\n<meta property=\"og:site_name\" content=\"Bienvenue sur le site de la FFR-FRV\" \/>\n<meta property=\"article:modified_time\" content=\"2020-02-24T13:38:48+00:00\" \/>\n<meta name=\"twitter:card\" content=\"summary_large_image\" \/>\n<meta name=\"twitter:label1\" content=\"Gesch\u00e4tzte Lesezeit\" \/>\n\t<meta name=\"twitter:data1\" content=\"1\u00a0Minute\" \/>\n<script type=\"application\/ld+json\" class=\"yoast-schema-graph\">{\"@context\":\"https:\/\/schema.org\",\"@graph\":[{\"@type\":\"WebPage\",\"@id\":\"https:\/\/www.ffr-frv.ch\/de\/allgemeines-zur-frv\/statuten\/kapitel-2\/\",\"url\":\"https:\/\/www.ffr-frv.ch\/de\/allgemeines-zur-frv\/statuten\/kapitel-2\/\",\"name\":\"Kapitel 2 | Bienvenue sur le site de la FFR-FRV\",\"isPartOf\":{\"@id\":\"https:\/\/www.ffr-frv.ch\/de\/#website\"},\"datePublished\":\"2020-01-28T15:45:47+00:00\",\"dateModified\":\"2020-02-24T13:38:48+00:00\",\"breadcrumb\":{\"@id\":\"https:\/\/www.ffr-frv.ch\/de\/allgemeines-zur-frv\/statuten\/kapitel-2\/#breadcrumb\"},\"inLanguage\":\"de\",\"potentialAction\":[{\"@type\":\"ReadAction\",\"target\":[\"https:\/\/www.ffr-frv.ch\/de\/allgemeines-zur-frv\/statuten\/kapitel-2\/\"]}]},{\"@type\":\"BreadcrumbList\",\"@id\":\"https:\/\/www.ffr-frv.ch\/de\/allgemeines-zur-frv\/statuten\/kapitel-2\/#breadcrumb\",\"itemListElement\":[{\"@type\":\"ListItem\",\"position\":1,\"name\":\"Titelseite\",\"item\":\"https:\/\/www.ffr-frv.ch\/de\/\"},{\"@type\":\"ListItem\",\"position\":2,\"name\":\"Allgemeines zur FRV\",\"item\":\"https:\/\/www.ffr-frv.ch\/de\/allgemeines-zur-frv\/\"},{\"@type\":\"ListItem\",\"position\":3,\"name\":\"Statuten\",\"item\":\"https:\/\/www.ffr-frv.ch\/de\/allgemeines-zur-frv\/statuten\/\"},{\"@type\":\"ListItem\",\"position\":4,\"name\":\"Kapitel 2\"}]},{\"@type\":\"WebSite\",\"@id\":\"https:\/\/www.ffr-frv.ch\/de\/#website\",\"url\":\"https:\/\/www.ffr-frv.ch\/de\/\",\"name\":\"Bienvenue sur le site de la FFR-FRV\",\"description\":\"\",\"potentialAction\":[{\"@type\":\"SearchAction\",\"target\":{\"@type\":\"EntryPoint\",\"urlTemplate\":\"https:\/\/www.ffr-frv.ch\/de\/?s={search_term_string}\"},\"query-input\":{\"@type\":\"PropertyValueSpecification\",\"valueRequired\":true,\"valueName\":\"search_term_string\"}}],\"inLanguage\":\"de\"}]}<\/script>\n<!-- \/ Yoast SEO plugin. -->","yoast_head_json":{"title":"Kapitel 2 | Bienvenue sur le site de la FFR-FRV","robots":{"index":"index","follow":"follow","max-snippet":"max-snippet:-1","max-image-preview":"max-image-preview:large","max-video-preview":"max-video-preview:-1"},"canonical":"https:\/\/www.ffr-frv.ch\/de\/allgemeines-zur-frv\/statuten\/kapitel-2\/","og_locale":"de_DE","og_type":"article","og_title":"Kapitel 2 | Bienvenue sur le site de la FFR-FRV","og_description":"[vc_row][vc_column][vc_column_text] Kapitel 2 : Mitglieder Artikel 3 : Die Vereinigung besteht aus : Sektionen a) regionalen, unabh\u00e4ngigen Vereinen, genannt &#8222;Sektionen&#8222;; Angeschlossene Angeschlossene Gruppierungen b) Rentnervereinen mit \u00e4hnlichen Zielen, genannt Gruppierungen &#8222;Angeschossene Gruppierungen&#8222;. Artikel 4 : Selbstst\u00e4ndigkeit Die Sektionen und angeschlossenen Gruppierungen konstituieren der Sektionen und sich mit eigenen Statuten. Wenn keine vorhanden sind, befolgen sie [&hellip;]","og_url":"https:\/\/www.ffr-frv.ch\/de\/allgemeines-zur-frv\/statuten\/kapitel-2\/","og_site_name":"Bienvenue sur le site de la FFR-FRV","article_modified_time":"2020-02-24T13:38:48+00:00","twitter_card":"summary_large_image","twitter_misc":{"Gesch\u00e4tzte Lesezeit":"1\u00a0Minute"},"schema":{"@context":"https:\/\/schema.org","@graph":[{"@type":"WebPage","@id":"https:\/\/www.ffr-frv.ch\/de\/allgemeines-zur-frv\/statuten\/kapitel-2\/","url":"https:\/\/www.ffr-frv.ch\/de\/allgemeines-zur-frv\/statuten\/kapitel-2\/","name":"Kapitel 2 | Bienvenue sur le site de la FFR-FRV","isPartOf":{"@id":"https:\/\/www.ffr-frv.ch\/de\/#website"},"datePublished":"2020-01-28T15:45:47+00:00","dateModified":"2020-02-24T13:38:48+00:00","breadcrumb":{"@id":"https:\/\/www.ffr-frv.ch\/de\/allgemeines-zur-frv\/statuten\/kapitel-2\/#breadcrumb"},"inLanguage":"de","potentialAction":[{"@type":"ReadAction","target":["https:\/\/www.ffr-frv.ch\/de\/allgemeines-zur-frv\/statuten\/kapitel-2\/"]}]},{"@type":"BreadcrumbList","@id":"https:\/\/www.ffr-frv.ch\/de\/allgemeines-zur-frv\/statuten\/kapitel-2\/#breadcrumb","itemListElement":[{"@type":"ListItem","position":1,"name":"Titelseite","item":"https:\/\/www.ffr-frv.ch\/de\/"},{"@type":"ListItem","position":2,"name":"Allgemeines zur FRV","item":"https:\/\/www.ffr-frv.ch\/de\/allgemeines-zur-frv\/"},{"@type":"ListItem","position":3,"name":"Statuten","item":"https:\/\/www.ffr-frv.ch\/de\/allgemeines-zur-frv\/statuten\/"},{"@type":"ListItem","position":4,"name":"Kapitel 2"}]},{"@type":"WebSite","@id":"https:\/\/www.ffr-frv.ch\/de\/#website","url":"https:\/\/www.ffr-frv.ch\/de\/","name":"Bienvenue sur le site de la FFR-FRV","description":"","potentialAction":[{"@type":"SearchAction","target":{"@type":"EntryPoint","urlTemplate":"https:\/\/www.ffr-frv.ch\/de\/?s={search_term_string}"},"query-input":{"@type":"PropertyValueSpecification","valueRequired":true,"valueName":"search_term_string"}}],"inLanguage":"de"}]}},"_links":{"self":[{"href":"https:\/\/www.ffr-frv.ch\/de\/wp-json\/wp\/v2\/pages\/1061","targetHints":{"allow":["GET"]}}],"collection":[{"href":"https:\/\/www.ffr-frv.ch\/de\/wp-json\/wp\/v2\/pages"}],"about":[{"href":"https:\/\/www.ffr-frv.ch\/de\/wp-json\/wp\/v2\/types\/page"}],"author":[{"embeddable":true,"href":"https:\/\/www.ffr-frv.ch\/de\/wp-json\/wp\/v2\/users\/1"}],"replies":[{"embeddable":true,"href":"https:\/\/www.ffr-frv.ch\/de\/wp-json\/wp\/v2\/comments?post=1061"}],"version-history":[{"count":3,"href":"https:\/\/www.ffr-frv.ch\/de\/wp-json\/wp\/v2\/pages\/1061\/revisions"}],"predecessor-version":[{"id":1064,"href":"https:\/\/www.ffr-frv.ch\/de\/wp-json\/wp\/v2\/pages\/1061\/revisions\/1064"}],"up":[{"embeddable":true,"href":"https:\/\/www.ffr-frv.ch\/de\/wp-json\/wp\/v2\/pages\/1097"}],"wp:attachment":[{"href":"https:\/\/www.ffr-frv.ch\/de\/wp-json\/wp\/v2\/media?parent=1061"}],"wp:term":[{"taxonomy":"folder","embeddable":true,"href":"https:\/\/www.ffr-frv.ch\/de\/wp-json\/wp\/v2\/folder?post=1061"}],"curies":[{"name":"wp","href":"https:\/\/api.w.org\/{rel}","templated":true}]}}

<section class="wpb-content-wrapper"><p>[vc_row][vc_column][vc_column_text]</p>
<h2>Kapitel 2 : Mitglieder</h2>
<h4>Artikel 3 : Die Vereinigung besteht aus :</h4>
<p><strong>Sektionen</strong><br />
a) regionalen, unabhängigen Vereinen, genannt &#8222;<strong>Sektionen</strong>&#8222;; Angeschlossene</p>
<p><strong>Angeschlossene Gruppierungen</strong><br />
b) Rentnervereinen mit ähnlichen Zielen, genannt Gruppierungen &#8222;<strong>Angeschossene Gruppierungen</strong>&#8222;.</p>
<h4><strong>Artikel 4 : Selbstständigkeit</strong></h4>
<p>Die Sektionen und angeschlossenen Gruppierungen konstituieren der Sektionen und sich mit eigenen Statuten. Wenn keine vorhanden sind, befolgen sie Gruppierungen die Bestimmungen im Anhang dieser Statuten; sie verwalten sich Unabhängig.</p>
<p>Die Statuten jeder Sektion oder angeschlossenen Gruppierung sowie die vorgenommenen Änderungen werden dem Kantonalvorstand zur Information unterbreitet.</p>
<p>Die Sektionen und die angeschlossenen Gruppierungen können die Vereinigung verlassen mit dem Einreichen ihrer Demission auf Ende des laufenden Kalenderjahres.</p>
<p>[/vc_column_text][/vc_column][/vc_row]</p>
</section>

<p>[vc_row][vc_column][vc_column_text] Kapitel 2 : Mitglieder Artikel 3 : Die Vereinigung besteht aus : Sektionen a) regionalen, unabhängigen Vereinen, genannt &#8222;Sektionen&#8222;; Angeschlossene Angeschlossene Gruppierungen b) Rentnervereinen mit ähnlichen Zielen, genannt Gruppierungen &#8222;Angeschossene Gruppierungen&#8222;. Artikel 4 : Selbstständigkeit Die Sektionen und angeschlossenen Gruppierungen konstituieren der Sektionen und sich mit eigenen Statuten. Wenn keine vorhanden sind, befolgen sie [&hellip;]</p>

<!-- This site is optimized with the Yoast SEO plugin v27.1.1 - https://yoast.com/product/yoast-seo-wordpress/ -->
<title>Kapitel 2 | Bienvenue sur le site de la FFR-FRV</title>
<meta name="robots" content="index, follow, max-snippet:-1, max-image-preview:large, max-video-preview:-1" />
<link rel="canonical" href="https://www.ffr-frv.ch/de/allgemeines-zur-frv/statuten/kapitel-2/" />
<meta property="og:locale" content="de_DE" />
<meta property="og:type" content="article" />
<meta property="og:title" content="Kapitel 2 | Bienvenue sur le site de la FFR-FRV" />
<meta property="og:description" content="[vc_row][vc_column][vc_column_text] Kapitel 2 : Mitglieder Artikel 3 : Die Vereinigung besteht aus : Sektionen a) regionalen, unabhängigen Vereinen, genannt &#8222;Sektionen&#8222;; Angeschlossene Angeschlossene Gruppierungen b) Rentnervereinen mit ähnlichen Zielen, genannt Gruppierungen &#8222;Angeschossene Gruppierungen&#8222;. Artikel 4 : Selbstständigkeit Die Sektionen und angeschlossenen Gruppierungen konstituieren der Sektionen und sich mit eigenen Statuten. Wenn keine vorhanden sind, befolgen sie [&hellip;]" />
<meta property="og:url" content="https://www.ffr-frv.ch/de/allgemeines-zur-frv/statuten/kapitel-2/" />
<meta property="og:site_name" content="Bienvenue sur le site de la FFR-FRV" />
<meta property="article:modified_time" content="2020-02-24T13:38:48+00:00" />
<meta name="twitter:card" content="summary_large_image" />
<meta name="twitter:label1" content="Geschätzte Lesezeit" />
	<meta name="twitter:data1" content="1 Minute" />
<script type="application/ld+json" class="yoast-schema-graph">{"@context":"https://schema.org","@graph":[{"@type":"WebPage","@id":"https://www.ffr-frv.ch/de/allgemeines-zur-frv/statuten/kapitel-2/","url":"https://www.ffr-frv.ch/de/allgemeines-zur-frv/statuten/kapitel-2/","name":"Kapitel 2 | Bienvenue sur le site de la FFR-FRV","isPartOf":{"@id":"https://www.ffr-frv.ch/de/#website"},"datePublished":"2020-01-28T15:45:47+00:00","dateModified":"2020-02-24T13:38:48+00:00","breadcrumb":{"@id":"https://www.ffr-frv.ch/de/allgemeines-zur-frv/statuten/kapitel-2/#breadcrumb"},"inLanguage":"de","potentialAction":[{"@type":"ReadAction","target":["https://www.ffr-frv.ch/de/allgemeines-zur-frv/statuten/kapitel-2/"]}]},{"@type":"BreadcrumbList","@id":"https://www.ffr-frv.ch/de/allgemeines-zur-frv/statuten/kapitel-2/#breadcrumb","itemListElement":[{"@type":"ListItem","position":1,"name":"Titelseite","item":"https://www.ffr-frv.ch/de/"},{"@type":"ListItem","position":2,"name":"Allgemeines zur FRV","item":"https://www.ffr-frv.ch/de/allgemeines-zur-frv/"},{"@type":"ListItem","position":3,"name":"Statuten","item":"https://www.ffr-frv.ch/de/allgemeines-zur-frv/statuten/"},{"@type":"ListItem","position":4,"name":"Kapitel 2"}]},{"@type":"WebSite","@id":"https://www.ffr-frv.ch/de/#website","url":"https://www.ffr-frv.ch/de/","name":"Bienvenue sur le site de la FFR-FRV","description":"","potentialAction":[{"@type":"SearchAction","target":{"@type":"EntryPoint","urlTemplate":"https://www.ffr-frv.ch/de/?s={search_term_string}"},"query-input":{"@type":"PropertyValueSpecification","valueRequired":true,"valueName":"search_term_string"}}],"inLanguage":"de"}]}</script>
<!-- / Yoast SEO plugin. -->

[vc_row][vc_column][vc_column_text] Kapitel 2 : Mitglieder Artikel 3 : Die Vereinigung besteht aus : Sektionen a) regionalen, unabhängigen Vereinen, genannt &#8222;Sektionen&#8222;; Angeschlossene Angeschlossene Gruppierungen b) Rentnervereinen mit ähnlichen Zielen, genannt Gruppierungen &#8222;Angeschossene Gruppierungen&#8222;. Artikel 4 : Selbstständigkeit Die Sektionen und angeschlossenen Gruppierungen konstituieren der Sektionen und sich mit eigenen Statuten. Wenn keine vorhanden sind, befolgen sie [&hellip;]
